 - 3*j - 4. Let f be z(v). What is the greatest common factor of y and f?
20
Suppose r - 13 = -2*c, 2*c - 2*r = 3*c + 1. Let u(w) = w**3 - 49*w + 9. Let k be u(7). Calculate the highest common divisor of c and k.
9
Suppose -5*k - 72 = -232. Let u be ((-4)/(-4) - 4)/((-3)/14). Let c = u - -2. Calculate the highest common divisor of c and k.
16
Let t = -141 + 257. Calculate the greatest common factor of t and 377.
29
Let y be ((-66)/4 - 2)/(10/(-960)). Calculate the greatest common divisor of 37 and y.
37
Suppose 74*d - 72*d - 2*h - 34 = 0, 3*d - 86 = -4*h. Calculate the greatest common divisor of 99 and d.
11
Suppose 8495 = 68*j - 9661. What is the greatest common divisor of j and 623?
89
Suppose -4*s = -40 + 8. Let j be 9*s/3 - -1. Calculate the highest common divisor of 50 and j.
25
Suppose 0 = 4*g, -3*q + 9*g - 12*g = -1215. What is the greatest common divisor of 45 and q?
45
Let u be (16/6)/((-54)/(-81)). Calculate the greatest common factor of 3 and u.
1
Suppose 5*z = -2*r + 2592, -3*z + 15*r + 1556 = 16*r. What is the highest common factor of z and 80?
40
Let n(c) = 45*c**2 + c - 1. Let g be n(1). Let q be 260/8 - 2 - 10/20. Calculate the highest common factor of g and q.
15
Suppose 3*t = -2*j + 199, -3*t + t - 488 = -5*j. Let u = j - 97. Calculate the highest common divisor of u and 8.
1
Suppose 0 = -2*s + 4*z + 42, -5*s - 64*z + 123 = -68*z. Let m(c) = -1 + 7*c**2 - 2*c - c**2 + 0. Let o be m(-2). Calculate the highest common factor of s and o.
27
Let b be (-84)/(-22) + 16/88. Suppose 5*a = -b*u + 29, -18 = -2*u - 3*a - 3. Let y be 1/((-24)/27 + 1). Calculate the greatest common factor of u and y.
3
Let w = 11 - 9. Suppose -3*h - 8 = -5*a + 1, -2*h = w*a - 10. Suppose p = -3*p - a*d + 4, 2*p - 2 = -2*d. What is the highest common factor of 1 and p?
1
Suppose 3*i + 15 = 2*i + 5*y, y - 99 = 5*i. Let u(r) = 6*r - 3. Let b be u(-1). Let k = b - i. What is the greatest common factor of k and 11?
11
Let o(a) = 4*a - 3. Let m be o(-2). Let h be (m - 21)/(-1 - 0). Suppose -99 = -12*f + 93. What is the highest common divisor of h and f?
16
Let q be (-2)/(-8) - 280/(-32). Suppose 6*p = q*p - 30. Calculate the greatest common factor of 80 and p.
10
Let u be ((-212)/4 - 4)/(-1). Let g = u - 33. Calculate the greatest common factor of g and 3.
3
Suppose 14*p = 9*p + 5*c + 150, 2*c = -3*p + 90. What is the highest common divisor of 48 and p?
6
Let y(t) = -4*t - 144. Let m be y(-37). Let l be (m/(-8)*138)/((-9)/3). Let w be (-2)/((-163)/161 - -1). Calculate the greatest common factor of l and w.
23
Let q = -27 + 69. Let a = -36 + q. Calculate the greatest common factor of 6 and a.
6
Suppose 5*i + 453 = k + 3*k, -2*i = 3*k - 357. What is the greatest common factor of k and 18?
9
Let p(o) = 19*o - 1. Let c be p(1). Let v(f) = -f**3 - 59*f**2 - 58*f + 25. Let j be v(-58). Let d = j - c. Calculate the greatest common factor of d and 28.
7
Suppose -a + 6 = -2. Suppose -a = -2*l, -3*y + 5*l + 380 = l. What is the highest common divisor of 12 and y?
12
Let r(h) = -h**2 + 9*h + 27. Let m be r(11). Let i(j) = -11*j + 2*j**2 - j**2 - j + m*j - 8. Let a be i(9). Calculate the highest common divisor of 30 and a.
10
Suppose -6*k + 5*k + 22 = -3*y, 2*y + 8 = 0. Suppose 3*z + z + 3*f = 23, 5*z + 15 = 5*f. Calculate the greatest common divisor of k and z.
2
Suppose 0 = 4*f - 2*v - 226, 0*v + v = 5*f - 287. Let n = 27 + -23. Suppose 249 + 99 = n*x. What is the greatest common divisor of x and f?
29
Let p(x) = 2*x**2 + 3*x - 101. Let z be p(13). Calculate the greatest common factor of z and 12.
12
Suppose -2*i = -3*y - 12, 0*y = 5*y + i + 33. Let r(n) = n**3 + 8*n**2 - 3*n. Let m be r(y). What is the greatest common divisor of 18 and m?
18
Let j = -90 + 202. Let y = -37 + j. What is the highest common divisor of 30 and y?
15
Let t(x) = 10*x + 290. Let a be t(-27). Calculate the highest common factor of 170 and a.
10
Let d be (-15 + 15)/(0 - -1). Suppose d = 7*c + 31 - 136. Let m = 8 - 2. What is the highest common factor of m and c?
3
Let k(s) = -s. Let g(l) = 32*l + 10. Let y(z) = g(z) + 6*k(z). Let r be y(3). What is the highest common divisor of 11 and r?
11
Let n(c) = 6*c - 6. Let v be n(3). Let q = -3 + v. What is the greatest common factor of 9 and q?
9
Suppose 0*s = -5*s + 40. Let d be (4/(-6))/((-1)/(-168)*-2). What is the highest common divisor of d and s?
8
Let v(a) = -a**3 - 6*a**2 - 6*a + 1. Let j(d) = 4*d**3 - 2*d**2 + 1. Let h be j(-1). Let w be v(h). What is the greatest common divisor of 4 and w?
2
Suppose -15*n - 3*n + 270 = 0. What is the highest common factor of 3615 and n?
15
Let n(a) = 2*a**2 + 9*a + 1. Let s be n(-7). Let t be 3/(-3) - (-30 - -20). What is the greatest common divisor of s and t?
9
Let d(j) = -2*j - 53. Let a be d(21). Let w be (2/(-1) + 4)*a/(-10). Let u be -2*(1 + (-42)/4). What is the greatest common factor of u and w?
19
Suppose 5 - 11 = -6*x. Let z be x/(10/(-65))*-2. Calculate the greatest common factor of 13 and z.
13
Suppose -14*z + 150 = -4*z. Let f(p) = p**3 - p**2 - 2*p + 3. Let g be f(2). What is the greatest common divisor of g and z?
3
Suppose 0 = 59*s - 58*s - 78. Calculate the highest common factor of s and 52.
26
Let y be (-4)/(-18) + ((-160)/9)/8. Let s be -2 - y - (-3 - 153). What is the greatest common divisor of 13 and s?
13
Suppose 3*i + a - 5 = 0, -3*a - 2*a + 25 = 3*i. Suppose 2*y + 5*r - 4 = 94, -2*r + 8 = i. What is the greatest common divisor of 13 and y?
13
Suppose 10*z - 435 = 645. Suppose -3*q + 38 = -5*q. Let w = q + 31. What is the greatest common factor of w and z?
12
Suppose -l + 6 + 1 = 0. Let r be (49/14)/((3/3)/8). Calculate the highest common divisor of r and l.
7
Let f(s) = s**2 - s + 1. Let r(z) = 17*z**2 - 9*z - 9. Let v(u) = -2*f(u) + r(u). Let i be v(-3). What is the highest common factor of 29 and i?
29
Let g = -189 + 378. Let m be 21 + 3 - (1 + 2). Calculate the greatest common divisor of g and m.
21
Let f(k) = 32*k - 1299. Let c be f(42). Suppose -4*z = -0*z - 40. Calculate the greatest common divisor of z and c.
5
Suppose 2*g + 2*g + 4 = -4*r, -5*r - 3 = 3*g. Suppose 4*z - 16 = -r. Let x(l) = l**2 - 4*l - 3. Let n be x(5). Calculate the greatest common factor of n and z.
2
Let p(w) = 2*w - 3. Let b be p(7). What is the highest common factor of 2 and b?
1
Let d(p) = -p**3 - 3*p**2 - 3*p + 68. Let o be d(-12). Calculate the greatest common factor of 40 and o.
40
Suppose -4*g + 12 = 3*s - g, 5*g - 20 = 3*s. Suppose s = -5*d - 0*d + 55. Calculate the greatest common factor of d and 55.
11
Suppose -4*h = 4 - 12. Suppose -4*w - 4*i + 32 = -h*w, 2*i + 40 = 3*w. Calculate the highest common factor of 98 and w.
14
Let a = -31 + 37. Let p(b) = 5*b**2 + 5*b + 14. Let v be p(a). Calculate the greatest common divisor of 28 and v.
28
Suppose 0 = 1074*y - 1081*y + 28. What is the greatest common divisor of 68 and y?
4
Let p(i) be the third derivative of -3*i**4/2 + i**3/3 - 3*i**2. Let d be p(-3). Let m = -75 + 97. Calculate the highest common factor of d and m.
22
Suppose -4*j = 0, 0 = -2*u + 4*j + 1 - 11. Let w be 36*(-1 - u - 10/8). What is the highest common factor of w and 11?
11
Suppose 0 = 5*c + 2*j - 3292, c - 680 = -j + 6*j. What is the highest common factor of c and 5?
5
Let m be (207/(-54))/((-10)/60). What is the highest common divisor of m and 184?
23
Let z be 0 + (-2022)/(-14) - 15/35. Calculate the highest common divisor of 36 and z.
36
Suppose 8*r - 205 + 61 = 0. Suppose -6*o + 5*o + r = 0. Calculate the greatest common divisor of 198 and o.
18
Let q = 514 + -510. Suppose -15 = -b + t, 5*t + 38 = 4*b - 21. Calculate the greatest common factor of b and q.
4
Let f = 87 + -47. Suppose 3*x = 2*y + 86, 4*x + y = -2*y + 126. Calculate the highest common factor of x and f.
10
Suppose u - 3724 = -13*u. What is the greatest common factor of 76 and u?
38
Let v be (375/2)/(27/54). What is the greatest common factor of 15 and v?
15
Suppose 83 = 55*p - 1457. What is the highest common factor of p and 574?
14
Let z be (0 - 2)/((-114)/104481). Calculate the greatest common divisor of 39 and z.
39
Let r = 41 - -1. Suppose -298 = -3*x - 3*u + 86, -x + 118 = -4*u. Calculate the highest common divisor of x and r.
42
Suppose -3*z = i - 130, -6*z + 2*i + 213 = -z. What is the greatest common divisor 